{"id":9155,"date":"2023-07-28T21:20:50","date_gmt":"2023-07-28T21:20:50","guid":{"rendered":"http:\/\/andesrank.cl\/?product=cable-abloy-ea218"},"modified":"2025-04-09T04:28:32","modified_gmt":"2025-04-09T04:28:32","slug":"cable-abloy-ea218","status":"publish","type":"product","link":"https:\/\/osesa.cl\/index.php\/producto\/cable-abloy-ea218\/","title":{"rendered":"Cable ABLOY EA218"},"content":{"rendered":"<p>Cable de conexi\u00f3n de alta calidad dise\u00f1ado para transferir se\u00f1ales y energ\u00eda entre cerraduras el\u00e9ctricas ABLOY y sistemas superiores. Con una longitud de 6 metros y un di\u00e1metro aproximado de 6 mm, cuenta con 18 conductores internos, lo que lo hace adecuado para una variedad de aplicaciones. Probado para garantizar durabilidad hasta en 200,000 ciclos de apertura, es compatible con modelos de cerraduras como EL420, EL426, EL460, EL461, EL466, EL520, EL526, EL560, EL561 y EL566. Opera eficientemente en un rango de temperatura de -20\u00b0C a +70\u00b0C, asegurando un rendimiento confiable en diversas condiciones ambientales.<\/p>\n","protected":false},"excerpt":{"rendered":"<p>CABLE CONEXION 6M MOD. EA218 ABLOY<\/p>\n","protected":false},"featured_media":9156,"template":"","meta":{"_joinchat":[]},"product_brand":[],"product_cat":[48],"product_tag":[],"class_list":{"0":"post-9155","1":"product","2":"type-product","3":"status-publish","4":"has-post-thumbnail","6":"product_cat-abloy","8":"first","9":"instock","10":"shipping-taxable","11":"product-type-simple"},"yoast_head":"<!-- This site is optimized with the Yoast SEO plugin v24.9 - https:\/\/yoast.com\/wordpress\/plugins\/seo\/ -->\n<title>Cable ABLOY EA218 - Osesa<\/title>\n<meta name=\"robots\" content=\"index, follow, max-snippet:-1, max-image-preview:large, max-video-preview:-1\" \/>\n<link rel=\"canonical\" href=\"https:\/\/osesa.cl\/index.php\/producto\/cable-abloy-ea218\/\" \/>\n<meta property=\"og:locale\" content=\"es_ES\" \/>\n<meta property=\"og:type\" content=\"article\" \/>\n<meta property=\"og:title\" content=\"Cable ABLOY EA218 - Osesa\" \/>\n<meta property=\"og:description\" content=\"CABLE CONEXION 6M MOD. EA218 ABLOY\" \/>\n<meta property=\"og:url\" content=\"https:\/\/osesa.cl\/index.php\/producto\/cable-abloy-ea218\/\" \/>\n<meta property=\"og:site_name\" content=\"Osesa\" \/>\n<meta property=\"article:modified_time\" content=\"2025-04-09T04:28:32+00:00\" \/>\n<meta property=\"og:image\" content=\"https:\/\/osesa.cl\/wp-content\/uploads\/2023\/07\/EA218.jpg\" \/>\n\t<meta property=\"og:image:width\" content=\"300\" \/>\n\t<meta property=\"og:image:height\" content=\"300\" \/>\n\t<meta property=\"og:image:type\" content=\"image\/jpeg\" \/>\n<meta name=\"twitter:card\" content=\"summary_large_image\" \/>\n<script type=\"application\/ld+json\" class=\"yoast-schema-graph\">{\"@context\":\"https:\/\/schema.org\",\"@graph\":[{\"@type\":\"WebPage\",\"@id\":\"https:\/\/osesa.cl\/index.php\/producto\/cable-abloy-ea218\/\",\"url\":\"https:\/\/osesa.cl\/index.php\/producto\/cable-abloy-ea218\/\",\"name\":\"Cable ABLOY EA218 - Osesa\",\"isPartOf\":{\"@id\":\"https:\/\/osesa.cl\/#website\"},\"primaryImageOfPage\":{\"@id\":\"https:\/\/osesa.cl\/index.php\/producto\/cable-abloy-ea218\/#primaryimage\"},\"image\":{\"@id\":\"https:\/\/osesa.cl\/index.php\/producto\/cable-abloy-ea218\/#primaryimage\"},\"thumbnailUrl\":\"https:\/\/osesa.cl\/wp-content\/uploads\/2023\/07\/EA218.jpg\",\"datePublished\":\"2023-07-28T21:20:50+00:00\",\"dateModified\":\"2025-04-09T04:28:32+00:00\",\"breadcrumb\":{\"@id\":\"https:\/\/osesa.cl\/index.php\/producto\/cable-abloy-ea218\/#breadcrumb\"},\"inLanguage\":\"es\",\"potentialAction\":[{\"@type\":\"ReadAction\",\"target\":[\"https:\/\/osesa.cl\/index.php\/producto\/cable-abloy-ea218\/\"]}]},{\"@type\":\"ImageObject\",\"inLanguage\":\"es\",\"@id\":\"https:\/\/osesa.cl\/index.php\/producto\/cable-abloy-ea218\/#primaryimage\",\"url\":\"https:\/\/osesa.cl\/wp-content\/uploads\/2023\/07\/EA218.jpg\",\"contentUrl\":\"https:\/\/osesa.cl\/wp-content\/uploads\/2023\/07\/EA218.jpg\",\"width\":300,\"height\":300},{\"@type\":\"BreadcrumbList\",\"@id\":\"https:\/\/osesa.cl\/index.php\/producto\/cable-abloy-ea218\/#breadcrumb\",\"itemListElement\":[{\"@type\":\"ListItem\",\"position\":1,\"name\":\"Portada\",\"item\":\"https:\/\/osesa.cl\/\"},{\"@type\":\"ListItem\",\"position\":2,\"name\":\"Tienda\",\"item\":\"https:\/\/osesa.cl\/index.php\/tienda-2\/\"},{\"@type\":\"ListItem\",\"position\":3,\"name\":\"Cable ABLOY EA218\"}]},{\"@type\":\"WebSite\",\"@id\":\"https:\/\/osesa.cl\/#website\",\"url\":\"https:\/\/osesa.cl\/\",\"name\":\"Osesa\",\"description\":\"\",\"potentialAction\":[{\"@type\":\"SearchAction\",\"target\":{\"@type\":\"EntryPoint\",\"urlTemplate\":\"https:\/\/osesa.cl\/?s={search_term_string}\"},\"query-input\":{\"@type\":\"PropertyValueSpecification\",\"valueRequired\":true,\"valueName\":\"search_term_string\"}}],\"inLanguage\":\"es\"}]}<\/script>\n<!-- \/ Yoast SEO plugin. -->","yoast_head_json":{"title":"Cable ABLOY EA218 - Osesa","robots":{"index":"index","follow":"follow","max-snippet":"max-snippet:-1","max-image-preview":"max-image-preview:large","max-video-preview":"max-video-preview:-1"},"canonical":"https:\/\/osesa.cl\/index.php\/producto\/cable-abloy-ea218\/","og_locale":"es_ES","og_type":"article","og_title":"Cable ABLOY EA218 - Osesa","og_description":"CABLE CONEXION 6M MOD. EA218 ABLOY","og_url":"https:\/\/osesa.cl\/index.php\/producto\/cable-abloy-ea218\/","og_site_name":"Osesa","article_modified_time":"2025-04-09T04:28:32+00:00","og_image":[{"width":300,"height":300,"url":"https:\/\/osesa.cl\/wp-content\/uploads\/2023\/07\/EA218.jpg","type":"image\/jpeg"}],"twitter_card":"summary_large_image","schema":{"@context":"https:\/\/schema.org","@graph":[{"@type":"WebPage","@id":"https:\/\/osesa.cl\/index.php\/producto\/cable-abloy-ea218\/","url":"https:\/\/osesa.cl\/index.php\/producto\/cable-abloy-ea218\/","name":"Cable ABLOY EA218 - Osesa","isPartOf":{"@id":"https:\/\/osesa.cl\/#website"},"primaryImageOfPage":{"@id":"https:\/\/osesa.cl\/index.php\/producto\/cable-abloy-ea218\/#primaryimage"},"image":{"@id":"https:\/\/osesa.cl\/index.php\/producto\/cable-abloy-ea218\/#primaryimage"},"thumbnailUrl":"https:\/\/osesa.cl\/wp-content\/uploads\/2023\/07\/EA218.jpg","datePublished":"2023-07-28T21:20:50+00:00","dateModified":"2025-04-09T04:28:32+00:00","breadcrumb":{"@id":"https:\/\/osesa.cl\/index.php\/producto\/cable-abloy-ea218\/#breadcrumb"},"inLanguage":"es","potentialAction":[{"@type":"ReadAction","target":["https:\/\/osesa.cl\/index.php\/producto\/cable-abloy-ea218\/"]}]},{"@type":"ImageObject","inLanguage":"es","@id":"https:\/\/osesa.cl\/index.php\/producto\/cable-abloy-ea218\/#primaryimage","url":"https:\/\/osesa.cl\/wp-content\/uploads\/2023\/07\/EA218.jpg","contentUrl":"https:\/\/osesa.cl\/wp-content\/uploads\/2023\/07\/EA218.jpg","width":300,"height":300},{"@type":"BreadcrumbList","@id":"https:\/\/osesa.cl\/index.php\/producto\/cable-abloy-ea218\/#breadcrumb","itemListElement":[{"@type":"ListItem","position":1,"name":"Portada","item":"https:\/\/osesa.cl\/"},{"@type":"ListItem","position":2,"name":"Tienda","item":"https:\/\/osesa.cl\/index.php\/tienda-2\/"},{"@type":"ListItem","position":3,"name":"Cable ABLOY EA218"}]},{"@type":"WebSite","@id":"https:\/\/osesa.cl\/#website","url":"https:\/\/osesa.cl\/","name":"Osesa","description":"","potentialAction":[{"@type":"SearchAction","target":{"@type":"EntryPoint","urlTemplate":"https:\/\/osesa.cl\/?s={search_term_string}"},"query-input":{"@type":"PropertyValueSpecification","valueRequired":true,"valueName":"search_term_string"}}],"inLanguage":"es"}]}},"_links":{"self":[{"href":"https:\/\/osesa.cl\/index.php\/wp-json\/wp\/v2\/product\/9155","targetHints":{"allow":["GET"]}}],"collection":[{"href":"https:\/\/osesa.cl\/index.php\/wp-json\/wp\/v2\/product"}],"about":[{"href":"https:\/\/osesa.cl\/index.php\/wp-json\/wp\/v2\/types\/product"}],"wp:featuredmedia":[{"embeddable":true,"href":"https:\/\/osesa.cl\/index.php\/wp-json\/wp\/v2\/media\/9156"}],"wp:attachment":[{"href":"https:\/\/osesa.cl\/index.php\/wp-json\/wp\/v2\/media?parent=9155"}],"wp:term":[{"taxonomy":"product_brand","embeddable":true,"href":"https:\/\/osesa.cl\/index.php\/wp-json\/wp\/v2\/product_brand?post=9155"},{"taxonomy":"product_cat","embeddable":true,"href":"https:\/\/osesa.cl\/index.php\/wp-json\/wp\/v2\/product_cat?post=9155"},{"taxonomy":"product_tag","embeddable":true,"href":"https:\/\/osesa.cl\/index.php\/wp-json\/wp\/v2\/product_tag?post=9155"}],"curies":[{"name":"wp","href":"https:\/\/api.w.org\/{rel}","templated":true}]}}